e -6*x - 16 = -10*x. Give f(x).
-9
Let c(w) = 40*w**3 + 4*w + 45*w**3 - 84*w**3 - 2 - 6*w**2. Give c(5).
-7
Let x(q) be the second derivative of q**5/20 - q**4/6 + q**3/6 + q**2 + 27*q. Give x(3).
14
Let o be (-30)/(-6) + 10/5. Let h(l) = -l**2 + 8*l - 5. What is h(o)?
2
Let r(n) = n**2 + 7*n - 2. Suppose 0 = 25*i - 22*i + 24. What is r(i)?
6
Let f(i) = 7*i**2 + i**3 + 2*i - i - 3*i - 5. Give f(-7).
9
Let j(u) = 2*u**2 - 28*u + 25. Let y be j(13). Let n(v) = v**2 + v + 1. Determine n(y).
1
Let z(w) = -w + 2. Let x = 11 + -17. Calculate z(x).
8
Let g(h) = -h**3 - 6*h**2 + 11*h + 6. Let v(o) = -o**3 - 4*o**2 + 2*o + 1. Let l be v(-4). Give g(l).
-22
Let g(j) = j + 3 - j**2 - j + j - 4 + 6*j**3. Calculate g(1).
5
Let g = 18 + -15. Let p(r) = 2*r - 1 - 2*r**g + 6*r**2 - 8*r**3 - 3 + 9*r**3. Determine p(6).
8
Let o(c) = -c - 5. Let k be o(-7). Let l(r) = -r - 5 - 3*r**k + 2*r**2 + 2*r. Let m(z) = z - 8. Let s be m(8). Give l(s).
-5
Suppose 0*a - 4*q - 15 = a, 4*a - 5*q + 18 = 0. Let v(l) = -l**2 - 6*l + 10. What is v(a)?
3
Let g = -7 - -12. Let p(s) = s**2 + 6*s + 7. Let w be p(-5). Let o(y) = 3*y**3 - 4*y**w - y + 1 - 2*y**3 - 4*y + 0*y. Give o(g).
1
Suppose 2*r + 24 = 4*r. Let f(t) = 15*t - 5*t - r*t - 7. Calculate f(-5).
3
Let r = 9 - 4. Suppose -4*b - 16 = -4*h - 0*h, -3*h = -r*b - 12. Let n(t) = -59 + t + 38 + 32. Give n(b).
11
Let k(r) = -5*r + 15. Let q be k(4). Let a(w) = -w**3 - 3*w**2 + 7*w. Calculate a(q).
15
Suppose -4*c = u + 3*u + 28, -2*c - 4*u - 24 = 0. Let n = 3 + c. Let o(b) be the second derivative of 4*b**3/3 - b**2/2 - 6*b. Calculate o(n).
7
Let l be -4 + 5/(-7) + (-2)/7. Let b(j) be the third derivative of j**5/60 + j**4/6 - 2*j**3/3 + j**2. Determine b(l).
1
Suppose 0 = -3*k - 3*k. Let a(n) = k - 4*n + 0*n + 3*n + 2. Suppose 0 = 2*m + 3*m - 5. What is a(m)?
1
Let u(m) = -m**3 + 2*m + 1. Let k be u(2). Let b(c) = -2 + 2*c - 2*c - c. Give b(k).
1
Let w(k) = -k**3 - 4*k**2 - k. Let o be w(-4). Let s(t) be the first derivative of t**4/4 - 4*t**3/3 + t**2 - 6*t + 4. Determine s(o).
2
Let s(l) = l**3 - 4. Suppose 7*c = 2*c. Calculate s(c).
-4
Let v(l) = -20*l + 5 - 24*l + 45*l. Determine v(-10).
-5
Let j(c) = 1. Let q(y) = 2*y - 2. Let x(m) = j(m) - q(m). Let f be (-14 + 0)/(-2 + 0). Suppose -4*h + 4 = 0, 4*k - 3*h = -k + f. Determine x(k).
-1
Let d(s) = -s. Let r(b) = 30 - 2*b + 3*b + 2*b. Let g(p) = -2*d(p) + r(p). Let w(u) = u + 6. Let j(y) = 2*g(y) - 11*w(y). What is j(-5)?
-1
Let t(c) be the second derivative of -c**3/6 + 29*c. What is t(-5)?
5
Let f(k) be the second derivative of -k**6/720 - k**5/120 + k**4/12 - k. Let l(z) be the third derivative of f(z). Let b be (-5)/10 - 0 - 9/(-6). What is l(b)?
-2
Let k(q) = 2*q - 8. Let t be 62/10 - (-1)/(-5). What is k(t)?
4
Let a be (-2)/3 - 465/(-9). Let h = a + 24. Let w be h/(-27) - 2/9. Let m(c) = c + 6. Give m(w).
3
Suppose -3*y + 4 = -m, m - 9 = -3*y - 1. Let h(a) = -a**3 + a**2 - 2*a. Calculate h(m).
-8
Let h(u) = u**2 - u - 1. Suppose -13 - 9 = 2*l. Let s = 3 + l. Let z = s + 7. Give h(z).
1
Let y(m) = m**2 + 9*m + 9. Let o be y(-6). Let v(q) = -2*q**2 + 6*q**2 - 3 - 4 + 8*q - 3*q**2. Let d be v(o). Let n(f) = f**3 - 3*f**2 + 1. Calculate n(d).
-3
Let c(r) = -1. Let u(q) = q**2 + 4*q - 9. Let p(a) = -4*c(a) + u(a). What is p(-5)?
0
Let k be (-69)/(-21) - (-4)/(-14). Let p be -1*3 + -1 + k. Let q(m) = -2*m - 10*m**3 + m + 6*m**3 + 0*m. What is q(p)?
5
Let l(q) = 2*q + 1. Let o(x) = 6*x - 3. Let a be o(2). Suppose 3*f = a - 3. What is l(f)?
5
Suppose -3 = x - 2*x. Suppose -4*g = -2*c - 4, -3*c - x*g = 2*g + 6. Let q(u) be the first derivative of -u**4/4 + 3*u**2/2 + u + 2. Calculate q(c).
3
Let l = -13 - -15. Suppose 0 = -l*c + 7*c. Let z(t) = t**2 - 10. What is z(c)?
-10
Let d(f) = -2*f - f - 4*f**3 + 3*f**3 - 5*f**2. Suppose 11 = -5*u - 9. Determine d(u).
-4
Let t(r) be the second derivative of -r**7/2520 + r**5/30 - r**4/6 - 2*r. Let i(z) be the third derivative of t(z). Determine i(4).
-12
Suppose -5*w = -0*w + 15. Let f(t) = -t**3 - 5*t**2 - 4*t - 2. What is f(w)?
-8
Let a(v) = -v**3 + 4*v**2 - 2*v + 6. Let f = -209 - -213. What is a(f)?
-2
Suppose -2*c + 4 = i - 3, -3*c + i = -3. Let f(y) = 2*y**2 + y + 1. Calculate f(c).
11
Let q(w) = -1. Let f(r) = r + 8. Let v(a) = f(a) + 6*q(a). Suppose -2*s - 5 = -1. Determine v(s).
0
Let m(r) = -r - 1. Let h be m(-1). Let x(c) be the second derivative of c**5/20 - c**3/6 - c. Give x(h).
0
Let z(k) = 0*k**3 + k**3 + 8*k**2 + 2*k - 13*k**2 - 4. Determine z(5).
6
Let m = -10 - -17. Let c(g) = 6 - m*g + 9*g - g. Determine c(-5).
1
Let h = 28 - 20. Suppose s = 3*s - h, 2*v - 3*s = -10. Let w(y) = v - 3*y - 1 - y**2 - 2. What is w(-2)?
0
Let m(z) = -4*z - 2. Let y(r) = 2*r + 1. Let l(q) = -4*m(q) - 9*y(q). Let j be (-1)/(-2) - (-5)/2. Determine l(j).
-7
Let q(w) be the first derivative of w**2/2 + 2*w + 4. Let t = -1 + 1. Calculate q(t).
2
Let h(s) be the second derivative of -s**5/20 - 5*s**4/12 + 5*s**3/6 - 29*s. Determine h(-6).
6
Let t(d) = -3*d - 1. Let u(a) = 4*a + 2. Let s(l) = -5*t(l) - 4*u(l). Let f(c) = -c**3 + 6*c**2 - 7*c - 9. Let r be f(4). Calculate s(r).
2
Let s(u) = -u**3 + 4*u**2 + 6*u - 1. Let l be s(5). Let k(i) be the second derivative of 1/3*i**3 - 1/3*i**4 + 0*i**2 + 1/20*i**5 - 3*i + 0. What is k(l)?
8
Let l(n) = -n - 1. Let i be l(0). Let x(v) be the first derivative of v + 4 - 7/2*v**2. Determine x(i).
8
Let c(v) = -4*v - 1. Let l(f) = f. Let p(m) = -2*m. Let h be p(1). Let d(s) = h*l(s) - c(s). Let z be 26/(-8) + (-2)/(-8). Calculate d(z).
-5
Let k(l) = -9*l**3 - l**2 - 8*l + 1. Let s(w) = 5*w**3 + 4*w - 1. Let h(n) = -4*k(n) - 7*s(n). Give h(-2).
3
Let l(x) = 5*x**2 - 1 - 2 + 6 + 0*x**2 - x**3 - 6*x. Give l(4).
-5
Let g(j) = j + 2. Suppose -5 - 4 = -3*l. Suppose 0*p + 6 = -l*p. Determine g(p).
0
Let y(l) = l - 2. Let w be y(-4). Let q be (w/8)/((-3)/12). Suppose -4*s - q*a + 9 = 0, -1 = 2*s - a + 2. Let v(g) = g. What is v(s)?
0
Let u(d) be the third derivative of -d**8/6720 - d**6/720 - d**5/20 - 5*d**4/24 + 5*d**2. Let g(a) be the second derivative of u(a). Determine g(0).
-6
Let s(y) = -y - 5. Let c(n) = 1. Let o(a) = c(a) - s(a). What is o(-6)?
0
Let d(s) = s**3 + 3*s**2 - 3*s - 9. Let x(l) = -l**2 + l + 1. Let g(m) = d(m) + 2*x(m). Calculate g(0).
-7
Let l(p) = 3*p. Suppose -3*j - 23 = -4*r, -r = -0*r - 5. Let o be (-6)/(-4 + 3 + j). Calculate l(o).
9
Let w = -88 + 88. Let t(l) = -l - 7. Let a(n) = n + 6. Let q(x) = -3*a(x) - 2*t(x). Give q(w).
-4
Let a(r) be the first derivative of -r**2 - r + 5 - 1/3*r**3. Suppose 3*g + 7 = 1. Calculate a(g).
-1
Let l(g) = -g**2 - 6*g + 1. Let d = 111 - 117. Give l(d).
1
Let d be 1*-25*(-4)/10. Let c be 1 - (3 + 0 - 0). Let n be -1*d*c/(-4). Let p(u) = -u**2 - 6*u - 2. What is p(n)?
3
Suppose -5*f - 5*t = -30, f - 4*t + 3 = -2*f. Suppose -5*w + 3*x = -22, f*x + 9 = -3. Let d(n) = -4 + n**2 - 4*n - 3*n**2 + 3*n**w. Calculate d(4).
-4
Let n(r) = 2*r - 2. Suppose -37*f + 36*f + 2 = 0. Determine n(f).
2
Let w = 22 + -23. Let l be (-5 - w)*(-55)/(-44). Let a(t) = -t - 1. Calculate a(l).
4
Let p(h) = 3*h - 4*h + 2 - 3. Let r be (-2 + 3)*-3 + 1. Let u be r/6 - (-12)/9. Determine p(u).
-2
Suppose 0 = 3*k + k + 2*o - 12, -4*o = -k - 6. Let a(d) = -4 - 2*d**2 + d + d + 3*d**2 + 0*d**k. Determine a(-3).
-1
Suppose -9 = 4*r + 3. Let q(o) = -7*o**3 + 3*o**2 + o - 5. Let u(h) = 10*h**3 - 4*h**2 - 2*h + 7. Let x(z) = -7*q(z) - 5*u(z). Calculate x(r).
9
Let j(c) = c**3 + 4*c**2 + 4*c + 2. Let d be j(-2). Let r be 0 + (3 - 6) + 5. Let n(z) = 4*z**2 + z**3 - 3*z**r - 2*z + 3 - z**2. Determine n(d).
7
Let x(h) = 3*h - 2*h - 2 + 6. Let o(b) = 2*b + 9. Let z(y) = -4*o(y) + 7*x(y). Let l be z(-6). Let m(t) = t**3 + 3*t**2 + t + 2. Determine m(l).
4
Let s(j) be the first derivative of j**3/3 - 2*j**2 - 7*j + 1. Let q = -11 + 16. What is s(q)?
-2
Let u = 15 - 19. Let d(o) be the first derivative of o**3/3 + 5*o**2/2 + 3*o - 1. Give d(u).
-1
Suppose -30 = -9*v + 4*v. Let b(c) = 11*c**2 + 8*c + 12. Let o(n) = -5*n**2 - 4*n - 6. Let h(w) = -6*b(w) - 13*o(w). Determine h(v).
-6
Let r(p) be the first derivative of -p**4/4 - p**3 + 3*p**2/2 + 4*p - 37. Calculate r(-4).
8
Let f(t) be the third derivative of t**7/2520 + t**6/120 - t**5/60 - t**4/12 + 2*t**2. Let u(v) be the second derivative of f(v